{"id":131,"date":"2018-06-24T09:55:21","date_gmt":"2018-06-24T09:55:21","guid":{"rendered":"http:\/\/wp.vsg-1880-offenbach.de\/?page_id=131"},"modified":"2018-06-28T20:21:38","modified_gmt":"2018-06-28T18:21:38","slug":"einzelmeisterschaften-3","status":"publish","type":"page","link":"https:\/\/wp.vsg-1880-offenbach.de\/?page_id=131","title":{"rendered":"Einzelmeisterschaften"},"content":{"rendered":"<p>Unseren Kindern und Jugendlichen erm\u00f6glichen wir die Teilnahme an Meisterschaften auf den unterschiedlichsten Ebenen.<\/p>\n<p>Offenbach geh\u00f6rt schachlich zum <a href=\"http:\/\/www.mvsj.de\/\" target=\"_blank\" rel=\"noopener\">Main-Vogelsberg-Schachbezirk<\/a>, der sich \u00f6stlich von Frankfurt bis Schl\u00fcchtern erstreckt. F\u00fcr die Jugend bietet der Bezirk jedes Jahr im Herbst meist \u00fcber ein Wochenende eine<\/p>\n<ul>\n<li>Bezirksmeisterschaft<\/li>\n<\/ul>\n<p>f\u00fcr die Altersklassen zwischen U8 und U18 an. F\u00fcr die \u00e4lteren Jahrg\u00e4nge der Altersklassen U14 bis U18 ist die Bezirksmeisterschaft zugleich das Qualifikationsturnier f\u00fcr die<\/p>\n<ul>\n<li>Hessenmeisterschaft.<\/li>\n<\/ul>\n<p>Die j\u00fcngeren Jahrg\u00e4nge zwischen U8 und U12 k\u00f6nnen auch ohne Qualifikation an der Hessenmeisterschaft teilnehmen. F\u00fcr die \u00e4lteren Jahrg\u00e4nge, die die Qualifikation nicht geschafft haben, gibt es aber zum Gl\u00fcck auch eine offene Meisterschaft, so dass jedes Kind und jeder Jugendliche auch auf Landesebene an der Meisterschaft teilnehmen kann. Diese geh\u00f6rt aufgrund ihres Konzeptes auch zu einem der attraktivsten Turniere im Jahr. Jeweils im Dezember organisiert die <a href=\"http:\/\/hessische-schachjugend.de\/\" target=\"_blank\" rel=\"noopener\">Hessische Schachjugend<\/a> die <a href=\"http:\/\/hessische-schachjugend.de\/category\/einzelmeisterschaften\/\" target=\"_blank\" rel=\"noopener\">U8-Hessenmeisterschaft<\/a> in der Jugendherberge Bad Homburg. Neben sieben Runden Schach ohne Notation und DWZ-Wertung gibt es auch jede Menge andere Angebote und Spiele vor Ort. Vom Weihnachtspl\u00e4tzchenbacken \u00fcber den Schwimmbadbesuch und eine Hausrallye ist alles dabei, was Kinderherzen h\u00f6her schlagen l\u00e4sst. Die \u00dcbernachtung vor Ort mit den Kindern erm\u00f6glicht ein einzigartiges Erlebnis, das den Kindern noch lange im Ged\u00e4chtnis bleibt.<\/p>\n<p>F\u00fcr die Jahrg\u00e4nge ab der U10 bis zur U18 hei\u00dft die Hessenmeisterschaft dann <a href=\"http:\/\/hessische-schachjugend.de\/category\/einzelmeisterschaften\/\" target=\"_blank\" rel=\"noopener\">Zentrales Lager<\/a> und findet in den Osterferien statt. F\u00fcr die U10 wird \u00fcber ein Wochenende gespielt. Der Ablauf und das Freizeitprogramm ist \u00e4hnlich wie bei der U8, jedoch werden die Partien mitgeschrieben und DWZ gewertet. Ab der U12 erstreckt sich die Hessenmeisterschaft \u00fcber eine fast komplette Woche und den Teilnehmern wird neben dem Schachlichen ein umfangreiches Ferienlager angeboten. Auch hier empfiehlt sich im Regelfall eine \u00dcbernachtung in der Jugendherberge.<\/p>\n<p>Die jeweils besten Teilnehmer bei der Hessenmeisterschaft qualifizieren sich f\u00fcr die<\/p>\n<ul>\n<li>Deutschen Meisterschaften,<\/li>\n<\/ul>\n<p>die in der Regel in der Pfingstwoche von der <a href=\"http:\/\/deutsche-schachjugend.de\/\" target=\"_blank\" rel=\"noopener\">Deutschen Schachjugend <\/a>in Willingen ausgetragen werden. Wer die Qualifikation daf\u00fcr schafft, hat in der Regel auch die Grenze zwischen Freizeit- und Leistungssport \u00fcberschritten. Bei der Deutschen Meisterschaft bekommt jedes Kind einen Trainer zugeordnet und alle Partien werden intensiv vor- und nachbereitet. Meist werden diese Kinder und Jugendlichen auch in den <a href=\"http:\/\/hessische-schachjugend.de\/category\/leistungssport\/\" target=\"_blank\" rel=\"noopener\">Kader der Hessischen Schachjugend<\/a> aufgenommen, was zus\u00e4tzliche Trainingswochenenden und Turnierteilnahmen mit Trainern bedeutet.<\/p>\n<p>In den vergangenen Jahren haben Offenbacher Kinder diverse Bezirks- und Hessenmeisterschaften gewonnen und auch bei den Deutschen Meisterschaften vordere Pl\u00e4tze belegt. Letzteres bedeutet dann auch die Qualifikation f\u00fcr die<\/p>\n<ul>\n<li>Jugend-Europameisterschaft oder die<\/li>\n<li>Jugend-Weltmeisterschaft.<\/li>\n<\/ul>\n<p>Die VSG 1880 Offenbach unterst\u00fctzt die Kinder und Jugendlichen bei der Teilnahme an diesen Meisterschaften, sei es durch Training oder die rechtzeitige Verteilung der Ausschreibungen und das Organisieren von Fahrgemeinschaften bis hin zur Unterst\u00fctzung bei der finanziellen F\u00f6rderung z.B. durch Findung von Sponsoren wie der Sportstiftung der St\u00e4dtischen Sparkasse Offenbach.<\/p>\n<p>\u00dcber diese Meisterschaften berichten wir auch jeweils oben unter <a href=\"http:\/\/wp.vsg-1880-offenbach.de\/?cat=2\">Aktuelles<\/a> bzw. <a href=\"http:\/\/wp.vsg-1880-offenbach.de\/?cat=12\">Jugend<\/a>. Im Terminkalender am rechten Rand verlinken wir auch die jeweiligen Termine und Ausschreibungen.<\/p>\n<p>Views: 1498<\/p>","protected":false},"excerpt":{"rendered":"<p>Unseren Kindern und Jugendlichen erm\u00f6glichen wir die Teilnahme an Meisterschaften auf den unterschiedlichsten Ebenen. Offenbach geh\u00f6rt schachlich zum Main-Vogelsberg-Schachbezirk, der sich \u00f6stlich von Frankfurt bis Schl\u00fcchtern erstreckt. F\u00fcr die Jugend bietet der Bezirk jedes Jahr im Herbst meist \u00fcber ein Wochenende eine Bezirksmeisterschaft f\u00fcr die Altersklassen zwischen U8 und U18 an. F\u00fcr die \u00e4lteren Jahrg\u00e4nge <a class=\"more-link\" href=\"https:\/\/wp.vsg-1880-offenbach.de\/?page_id=131\">weiterlesen&#8230;<\/a><\/p>\n","protected":false},"author":3,"featured_media":0,"parent":47,"menu_order":1,"comment_status":"closed","ping_status":"closed","template":"","meta":{"footnotes":""},"class_list":["post-131","page","type-page","status-publish","hentry"],"_links":{"self":[{"href":"https:\/\/wp.vsg-1880-offenbach.de\/index.php?rest_route=\/wp\/v2\/pages\/131","targetHints":{"allow":["GET"]}}],"collection":[{"href":"https:\/\/wp.vsg-1880-offenbach.de\/index.php?rest_route=\/wp\/v2\/pages"}],"about":[{"href":"https:\/\/wp.vsg-1880-offenbach.de\/index.php?rest_route=\/wp\/v2\/types\/page"}],"author":[{"embeddable":true,"href":"https:\/\/wp.vsg-1880-offenbach.de\/index.php?rest_route=\/wp\/v2\/users\/3"}],"replies":[{"embeddable":true,"href":"https:\/\/wp.vsg-1880-offenbach.de\/index.php?rest_route=%2Fwp%2Fv2%2Fcomments&post=131"}],"version-history":[{"count":9,"href":"https:\/\/wp.vsg-1880-offenbach.de\/index.php?rest_route=\/wp\/v2\/pages\/131\/revisions"}],"predecessor-version":[{"id":872,"href":"https:\/\/wp.vsg-1880-offenbach.de\/index.php?rest_route=\/wp\/v2\/pages\/131\/revisions\/872"}],"up":[{"embeddable":true,"href":"https:\/\/wp.vsg-1880-offenbach.de\/index.php?rest_route=\/wp\/v2\/pages\/47"}],"wp:attachment":[{"href":"https:\/\/wp.vsg-1880-offenbach.de\/index.php?rest_route=%2Fwp%2Fv2%2Fmedia&parent=131"}],"curies":[{"name":"wp","href":"https:\/\/api.w.org\/{rel}","templated":true}]}}