{"id":138,"date":"2018-06-24T10:17:09","date_gmt":"2018-06-24T10:17:09","guid":{"rendered":"http:\/\/wp.vsg-1880-offenbach.de\/?page_id=138"},"modified":"2023-02-07T21:10:42","modified_gmt":"2023-02-07T20:10:42","slug":"angebote-in-offenbacher-schulen","status":"publish","type":"page","link":"https:\/\/wp.vsg-1880-offenbach.de\/?page_id=138","title":{"rendered":"Angebote in Offenbacher Schulen"},"content":{"rendered":"<p>Die VSG 1880 Offenbach stellt Trainer f\u00fcr Schulschach-AGs in Offenbacher Schulen. Hierzu geh\u00f6ren beispielsweise<\/p>\n<ul>\n<li><a href=\"http:\/\/albert-offenbach.de\/\" target=\"_blank\" rel=\"noopener\">Albert-Schweitzer-Schule<\/a><\/li>\n<li><a href=\"http:\/\/www.erasmus-offenbach.de\/ags\/schach-ag-2\/\" target=\"_blank\" rel=\"noopener\">Erasmus-Grundschule<\/a><\/li>\n<li><a href=\"https:\/\/www.marianne-frostig-schule.de\/\">Marianne-Frostig-Schule<\/a><\/li>\n<li><a href=\"http:\/\/mathildenschule.de\/\" target=\"_blank\" rel=\"noopener\">Mathildenschule<\/a><\/li>\n<li><a href=\"https:\/\/www.uhlandschule-buergel.de\/\">Uhlandschule<\/a><\/li>\n<li><a href=\"http:\/\/www.waldschule-tempelsee.de\/ags.htm\" target=\"_blank\" rel=\"noopener\">Waldschule<\/a><\/li>\n<\/ul>\n<p>In weiteren Schulen sind wir in Projektwochen oder mit Schulschachturnieren aktiv:<\/p>\n<ul>\n<li><a href=\"http:\/\/leibnizschule-offenbach.de\/\" target=\"_blank\" rel=\"noopener\">Leibnizschule<\/a><\/li>\n<li><a href=\"http:\/\/mathildenschule.de\/\" target=\"_blank\" rel=\"noopener\">Mathildenschule<\/a><\/li>\n<\/ul>\n<p>Weitere Schulschach-AGs gibt es in Offenbach in der<\/p>\n<ul>\n<li><a href=\"http:\/\/www.gss-offenbach.de\/vorstellung4.html\" target=\"_blank\" rel=\"noopener\">Geschwister-Scholl-Schule<\/a><\/li>\n<li><a href=\"http:\/\/lauterborn.offenbach.schule.hessen.de\/index.html\" target=\"_blank\" rel=\"noopener\">Lauterbornschule<\/a><\/li>\n<li><a href=\"http:\/\/leibnizschule-offenbach.de\/\" target=\"_blank\" rel=\"noopener\">Leibnizschule<\/a><\/li>\n<li><a href=\"http:\/\/schillerschule-offenbach.de\/\">Schillerschule<\/a><\/li>\n<\/ul>\n<p>Nur trainieren oder in einer AG spielen ist auf Dauer etwas langweilig. Die VSG 1880 Offenbach veranstaltet daher jedes Schuljahr drei sehr beliebte Schulschachturniere, \u00fcber die wir im Reiter<a href=\"http:\/\/wp.vsg-1880-offenbach.de\/?cat=13\" target=\"_blank\" rel=\"noopener\"> Schulschach<\/a> bzw. auch die OffenbacherZeitungen im <a href=\"http:\/\/wp.vsg-1880-offenbach.de\/?cat=15\" target=\"_blank\" rel=\"noopener\">Pressespiegel<\/a> intensiv berichten. Jedes Jahr im November findet in der Leibnizschule die Offenbacher Schulschachmeisterschaft der weiterf\u00fchrenden Schulen im Einzel statt. Ende Januar folgt die Albert-Schweitzer-Schule mit der Offenbacher Schulschach-Mannschaftsmeisterschaft f\u00fcr Grund- und weiterf\u00fchrende Schulen. Last but not least veranstalten wir zusammen mit der Mathildenschule jeweils kurz nach den Osterferien die Offenbacher Einzelmeisterschaft f\u00fcr Grundschul- und Kindergartenkinder. In der Spitze erreichen wir bei diesen Turnieren Teilnehmerzahlen von bis zu 120 Sch\u00fclerinnen und Sch\u00fclern.<\/p>\n<p>Gerne besuchen wir mit den Offenbacher Schulen auch die Schulschachturniere der <a href=\"http:\/\/hessische-schachjugend.de\/category\/schulschach\/\" target=\"_blank\" rel=\"noopener\">Hessischen Schachjugend<\/a>. Jeweils kurz nach den Herbstferien findet der Hessische Schulschachpokal mit Schulen aus ganz Hessen statt. Ab Dezember l\u00e4uft dann in einem dreistufigen K.O.-System die Hessische Schulschach-Mannschaftsmeisterschaft, die mit einem gro\u00dfen Finale im M\u00e4rz endet. Dazwischen findet in Frankfurt im Februar noch Deutschlands zweitgr\u00f6\u00dftes Schulschachturnier mit mehr als 800 (!) teilnehmenden Sch\u00fclerinnen und Sch\u00fclern statt, &#8222;Hibbdebach-Dribbdebach&#8220; im Saalbau Bornheim. Wir freuen uns ganz besonders, dass Offenbacher Schulen all diese Turniere schon gewinnen konnten oder aber dabei vordere Pl\u00e4tze belegten. Hierzu geh\u00f6ren insbesondere unsere beiden mit dem <a href=\"http:\/\/wp.vsg-1880-offenbach.de\/?page_id=140\" target=\"_blank\" rel=\"noopener\">Qualit\u00e4tssiegel Deutsche Schachschule<\/a> ausgezeichneten Schulen, die Erasmus-Grundschule und die Leibnizschule. Aber auch Geschwister-Scholl-Schule, Marienschule und Mathildenschule konnten schon Pokale mit nach Hause bringen. Sch\u00f6n \u00f6fter haben wir f\u00fcr die Offenbacher Schulen Busse angemietet, um gemeinsam und schul\u00fcbergreifend mit mehr als 50 Sch\u00fclerinnen und Sch\u00fclern zum Spielort zu fahren. Besonders stolz sind wir darauf, dass die Erasmus-Grundschule und die Leibnizschule schon mehrfach nach einer erfolgreichen Qualifikation an den <a href=\"https:\/\/www.deutsche-schachjugend.de\/sport\/dssm\/\" target=\"_blank\" rel=\"noopener\">Deutschen Schulschachmeisterschaften<\/a> der <a href=\"https:\/\/www.deutsche-schachjugend.de\/\" target=\"_blank\" rel=\"noopener\">Deutschen Schachjugend<\/a> teilnehmen konnten und so auch bundesweit beachtliche vordere Pl\u00e4tze belegen konnten.<\/p>\n<p>Sie w\u00fcrden ebenfalls gerne eine Schulschach-AG an ihrer Schule anbieten? Sie m\u00f6chten sich mit jemandem austauschen, der damit Erfahrung hat und Ihnen hilfreiche Tipps geben kann? Fehlt es an AG-Leitern oder aber Schulungsmaterialien? Oder Sie w\u00fcrden sich gerne mit ihren Sch\u00fclerinnen und Sch\u00fclern bei den Schulschachturnieren anschlie\u00dfen und auf den Mailverteiler kommen? Dann ist unser <a href=\"mailto:mueller.of@arcor.de\" target=\"_blank\" rel=\"noopener\">Schulschachkoordinator<\/a> Horst M\u00fcller der richtige Ansprechpartner f\u00fcr sie! Eine kurze Mail reicht und wir kommen ins Gespr\u00e4ch.<\/p>\n<p>Views: 2030<\/p>","protected":false},"excerpt":{"rendered":"<p>Die VSG 1880 Offenbach stellt Trainer f\u00fcr Schulschach-AGs in Offenbacher Schulen. Hierzu geh\u00f6ren beispielsweise Albert-Schweitzer-Schule Erasmus-Grundschule Marianne-Frostig-Schule Mathildenschule Uhlandschule Waldschule In weiteren Schulen sind wir in Projektwochen oder mit Schulschachturnieren aktiv: Leibnizschule Mathildenschule Weitere Schulschach-AGs gibt es in Offenbach in der Geschwister-Scholl-Schule Lauterbornschule Leibnizschule Schillerschule Nur trainieren oder in einer AG spielen ist auf Dauer <a class=\"more-link\" href=\"https:\/\/wp.vsg-1880-offenbach.de\/?page_id=138\">weiterlesen&#8230;<\/a><\/p>\n","protected":false},"author":3,"featured_media":0,"parent":49,"menu_order":2,"comment_status":"closed","ping_status":"closed","template":"","meta":{"footnotes":""},"class_list":["post-138","page","type-page","status-publish","hentry"],"_links":{"self":[{"href":"https:\/\/wp.vsg-1880-offenbach.de\/index.php?rest_route=\/wp\/v2\/pages\/138","targetHints":{"allow":["GET"]}}],"collection":[{"href":"https:\/\/wp.vsg-1880-offenbach.de\/index.php?rest_route=\/wp\/v2\/pages"}],"about":[{"href":"https:\/\/wp.vsg-1880-offenbach.de\/index.php?rest_route=\/wp\/v2\/types\/page"}],"author":[{"embeddable":true,"href":"https:\/\/wp.vsg-1880-offenbach.de\/index.php?rest_route=\/wp\/v2\/users\/3"}],"replies":[{"embeddable":true,"href":"https:\/\/wp.vsg-1880-offenbach.de\/index.php?rest_route=%2Fwp%2Fv2%2Fcomments&post=138"}],"version-history":[{"count":11,"href":"https:\/\/wp.vsg-1880-offenbach.de\/index.php?rest_route=\/wp\/v2\/pages\/138\/revisions"}],"predecessor-version":[{"id":10886,"href":"https:\/\/wp.vsg-1880-offenbach.de\/index.php?rest_route=\/wp\/v2\/pages\/138\/revisions\/10886"}],"up":[{"embeddable":true,"href":"https:\/\/wp.vsg-1880-offenbach.de\/index.php?rest_route=\/wp\/v2\/pages\/49"}],"wp:attachment":[{"href":"https:\/\/wp.vsg-1880-offenbach.de\/index.php?rest_route=%2Fwp%2Fv2%2Fmedia&parent=138"}],"curies":[{"name":"wp","href":"https:\/\/api.w.org\/{rel}","templated":true}]}}