{"id":148,"date":"2018-06-24T10:22:46","date_gmt":"2018-06-24T10:22:46","guid":{"rendered":"http:\/\/wp.vsg-1880-offenbach.de\/?page_id=148"},"modified":"2025-05-25T12:06:28","modified_gmt":"2025-05-25T10:06:28","slug":"stadtmeisterschaft","status":"publish","type":"page","link":"https:\/\/wp.vsg-1880-offenbach.de\/?page_id=148","title":{"rendered":"Stadtmeisterschaft"},"content":{"rendered":"<p>Die Stadt- und Vereinsmeisterschaft wird als offenes Turnier ausgetragen. Das hei\u00dft es k\u00f6nnen auch nicht Vereinsmitglieder mitspielen. Die Stadtmeisterschaft startet meist im September mit der ersten Runde und erstreckt sich bis in den Mai des Folgejahres. In der Regel wird eine Partie im Monat ausgetragen. Die konkreten Termine stehen auch vorab\u00a0im Terminkalender. Gespielt wird in mehreren Gruppen nach Spielst\u00e4rke. Die <a href=\"https:\/\/wp.vsg-1880-offenbach.de\/wp-content\/uploads\/2025\/05\/20250520-Turnierordnung-2025.pdf\" target=\"_blank\" rel=\"noopener\">Turnierordnung<\/a> ist als PDF hinterlegt (Stand Mai 2025). \u00dcber die Ausschreibung f\u00fcr die jeweils neue Saison wird unter &#8222;<a href=\"http:\/\/wp.vsg-1880-offenbach.de\/?cat=2\" target=\"_blank\" rel=\"noopener\">Aktuelles<\/a>&#8220; berichtet.<\/p>\n<p>Die Ergebnisse der einzelnen Partien der aktuellen Saison sind \u00fcber das entsprechende Untermen\u00fc in Turniere\/Stadtmeisterschaft aufrufbar.<\/p>\n<p>Die Historie der vergangenen Stadtmeisterschaften sind seit der Saison 2008\/9 tabellarisch hinterlegt. \u00dcber die Men\u00fcleiste k\u00f6nnen sie im Untermen\u00fc <a href=\"http:\/\/wp.vsg-1880-offenbach.de\/?page_id=2304\" target=\"_blank\" rel=\"noopener\">Stadtmeisterschaften seit 1948<\/a> aufgerufen werden.<\/p>\n<p>Views: 3161<\/p>","protected":false},"excerpt":{"rendered":"<p>Die Stadt- und Vereinsmeisterschaft wird als offenes Turnier ausgetragen. Das hei\u00dft es k\u00f6nnen auch nicht Vereinsmitglieder mitspielen. Die Stadtmeisterschaft startet meist im September mit der ersten Runde und erstreckt sich bis in den Mai des Folgejahres. In der Regel wird eine Partie im Monat ausgetragen. Die konkreten Termine stehen auch vorab\u00a0im Terminkalender. Gespielt wird in <a class=\"more-link\" href=\"https:\/\/wp.vsg-1880-offenbach.de\/?page_id=148\">weiterlesen&#8230;<\/a><\/p>\n","protected":false},"author":3,"featured_media":0,"parent":51,"menu_order":1,"comment_status":"closed","ping_status":"closed","template":"","meta":{"footnotes":""},"class_list":["post-148","page","type-page","status-publish","hentry"],"_links":{"self":[{"href":"https:\/\/wp.vsg-1880-offenbach.de\/index.php?rest_route=\/wp\/v2\/pages\/148","targetHints":{"allow":["GET"]}}],"collection":[{"href":"https:\/\/wp.vsg-1880-offenbach.de\/index.php?rest_route=\/wp\/v2\/pages"}],"about":[{"href":"https:\/\/wp.vsg-1880-offenbach.de\/index.php?rest_route=\/wp\/v2\/types\/page"}],"author":[{"embeddable":true,"href":"https:\/\/wp.vsg-1880-offenbach.de\/index.php?rest_route=\/wp\/v2\/users\/3"}],"replies":[{"embeddable":true,"href":"https:\/\/wp.vsg-1880-offenbach.de\/index.php?rest_route=%2Fwp%2Fv2%2Fcomments&post=148"}],"version-history":[{"count":19,"href":"https:\/\/wp.vsg-1880-offenbach.de\/index.php?rest_route=\/wp\/v2\/pages\/148\/revisions"}],"predecessor-version":[{"id":13911,"href":"https:\/\/wp.vsg-1880-offenbach.de\/index.php?rest_route=\/wp\/v2\/pages\/148\/revisions\/13911"}],"up":[{"embeddable":true,"href":"https:\/\/wp.vsg-1880-offenbach.de\/index.php?rest_route=\/wp\/v2\/pages\/51"}],"wp:attachment":[{"href":"https:\/\/wp.vsg-1880-offenbach.de\/index.php?rest_route=%2Fwp%2Fv2%2Fmedia&parent=148"}],"curies":[{"name":"wp","href":"https:\/\/api.w.org\/{rel}","templated":true}]}}