{"id":154,"date":"2018-06-24T10:24:04","date_gmt":"2018-06-24T10:24:04","guid":{"rendered":"http:\/\/wp.vsg-1880-offenbach.de\/?page_id=154"},"modified":"2022-04-13T22:17:58","modified_gmt":"2022-04-13T20:17:58","slug":"externe-turniere","status":"publish","type":"page","link":"https:\/\/wp.vsg-1880-offenbach.de\/?page_id=154","title":{"rendered":"Externe Turniere"},"content":{"rendered":"<p>Mitglieder der VSG 1880 Offenbach spielen immer wieder gerne bei den gro\u00dfen und kleinen Turnieren im Umkreis oder auch weiter weg mit.&nbsp;Immer wieder schreiben wir auch Turnierberichte, die dann ver\u00f6ffentlicht werden. Einfach auf den Reiter&nbsp;<a href=\"http:\/\/wp.vsg-1880-offenbach.de\/?cat=14\" target=\"_blank\" rel=\"noopener\">Turniere<\/a> oben in der Men\u00fcleiste klicken und schon seht Ihr, wo die VSG in der Vergangenheit beispielsweise aktiv dabei war. Reine Jugendturniere sind im Reiter <a href=\"http:\/\/wp.vsg-1880-offenbach.de\/?cat=12\">Jugend<\/a>&nbsp;hinterlegt.<\/p>\n<p>Im MVS-Bezirk nimmt die VSG-1880 Offenbach regelm\u00e4\u00dfig an Pfingsten am <a href=\"http:\/\/www.mvsj.de\/\" target=\"_blank\" rel=\"noopener\">MVS-Open<\/a> teil. Auch die <a href=\"http:\/\/www.mvsj.de\/index.php\/spielklassen\" target=\"_blank\" rel=\"noopener\">MVS-Blitzmannschaftsmeisterschaft<\/a>, die das Qualifikationsturnier f\u00fcr die Hessische Blitzmannschaftsmeisterschaft ist, und der <a href=\"http:\/\/www.mvsj.de\/index.php\/spielklassen\" target=\"_blank\" rel=\"noopener\">Heinz-K\u00f6hler Pokal<\/a>&nbsp;werden regelm\u00e4\u00dfig von der VSG 1880 Offenbach gespielt.<\/p>\n<p>Auf Hessischer Ebene bietet der <a href=\"http:\/\/hessischer-schachverband.de\/\" target=\"_blank\" rel=\"noopener\">Hessische Schachverband<\/a> Meisterschaften im Blitz-, Schnell- und <a href=\"http:\/\/hessischer-schachverband.de\/hem\" target=\"_blank\" rel=\"noopener\">Langschach<\/a> an, die jeweils Qualifikationsturniere f\u00fcr die Deutschen Meisterschaften des <a href=\"https:\/\/www.schachbund.de\/\" target=\"_blank\" rel=\"noopener\">Deutschen Schachbundes<\/a> darstellen.<\/p>\n<p>Sch\u00f6ne und gro\u00dfe Open-Turniere werden auch im Rhein-Main-Gebiet zahlreich angeboten. Regelm\u00e4\u00dfig im Herbst findet das <a href=\"http:\/\/www.heusenstamm-sparkassen-open.de\/hso_historie.htm\" target=\"_blank\" rel=\"noopener\">Turnier in Heusenstamm<\/a> statt, eine gute Gelegenheit, zahlreiche Gro\u00dfmeister quasi vor der eigenen Haust\u00fcr zu erleben. Open-Turniere in Bad Homburg mit den <a href=\"http:\/\/www.rhein-main-open.de\/\" target=\"_blank\" rel=\"noopener\">Rhein-Main-Open<\/a>, <a href=\"https:\/\/www.schachclub-eschborn.de\/\" target=\"_blank\" rel=\"noopener\">Eschborn<\/a>, <a href=\"http:\/\/www.schlosspark-open.de\/\" target=\"_blank\" rel=\"noopener\">Wiesbaden<\/a> und beispielsweise Vereinsreisen nach <a href=\"http:\/\/www.korbacher-open.de\/\" target=\"_blank\" rel=\"noopener\">Korbach<\/a> sind immer wieder sch\u00f6ne Turniererlebnisse. Aber auch die <a href=\"https:\/\/www.staufer-open.de\/\" target=\"_blank\" rel=\"noopener\">Staufer-Open<\/a> in Schw\u00e4bisch-Gm\u00fcnd oder der <a href=\"https:\/\/www.deutschlandcup.org\/\" target=\"_blank\" rel=\"noopener\">Deutschland-Cup<\/a> in Wernigerode sind den Offenbacher Spielern immer wieder eine Reise wert.<\/p>\n<p>Schon des \u00d6fteren stellte die VSG 1880 Offenbach Teams bei den Seniorenweltmeisterschaften und das mit erstaunlich guten Ergebnissen! Auch dar\u00fcber berichten wir nat\u00fcrlich gerne.<\/p>\n<p>Wir bem\u00fchen uns, zahlreiche Turniertermine auch in unseren Kalender zu \u00fcbernehmen. \u00dcber Hinweise auf fehlende Termine sind wird dankbar und erg\u00e4nzen diese gerne. Schlie\u00dflich soll hier jeder die auf einen selbst passenden und attraktiven Angebote finden.<\/p>\n<p>Views: 3469<\/p>","protected":false},"excerpt":{"rendered":"<p>Mitglieder der VSG 1880 Offenbach spielen immer wieder gerne bei den gro\u00dfen und kleinen Turnieren im Umkreis oder auch weiter weg mit.&nbsp;Immer wieder schreiben wir auch Turnierberichte, die dann ver\u00f6ffentlicht werden. Einfach auf den Reiter&nbsp;Turniere oben in der Men\u00fcleiste klicken und schon seht Ihr, wo die VSG in der Vergangenheit beispielsweise aktiv dabei war. Reine <a class=\"more-link\" href=\"https:\/\/wp.vsg-1880-offenbach.de\/?page_id=154\">weiterlesen&#8230;<\/a><\/p>\n","protected":false},"author":3,"featured_media":0,"parent":51,"menu_order":4,"comment_status":"closed","ping_status":"closed","template":"","meta":{"footnotes":""},"class_list":["post-154","page","type-page","status-publish","hentry"],"_links":{"self":[{"href":"https:\/\/wp.vsg-1880-offenbach.de\/index.php?rest_route=\/wp\/v2\/pages\/154","targetHints":{"allow":["GET"]}}],"collection":[{"href":"https:\/\/wp.vsg-1880-offenbach.de\/index.php?rest_route=\/wp\/v2\/pages"}],"about":[{"href":"https:\/\/wp.vsg-1880-offenbach.de\/index.php?rest_route=\/wp\/v2\/types\/page"}],"author":[{"embeddable":true,"href":"https:\/\/wp.vsg-1880-offenbach.de\/index.php?rest_route=\/wp\/v2\/users\/3"}],"replies":[{"embeddable":true,"href":"https:\/\/wp.vsg-1880-offenbach.de\/index.php?rest_route=%2Fwp%2Fv2%2Fcomments&post=154"}],"version-history":[{"count":4,"href":"https:\/\/wp.vsg-1880-offenbach.de\/index.php?rest_route=\/wp\/v2\/pages\/154\/revisions"}],"predecessor-version":[{"id":9282,"href":"https:\/\/wp.vsg-1880-offenbach.de\/index.php?rest_route=\/wp\/v2\/pages\/154\/revisions\/9282"}],"up":[{"embeddable":true,"href":"https:\/\/wp.vsg-1880-offenbach.de\/index.php?rest_route=\/wp\/v2\/pages\/51"}],"wp:attachment":[{"href":"https:\/\/wp.vsg-1880-offenbach.de\/index.php?rest_route=%2Fwp%2Fv2%2Fmedia&parent=154"}],"curies":[{"name":"wp","href":"https:\/\/api.w.org\/{rel}","templated":true}]}}