{"id":32,"date":"2018-06-23T21:55:33","date_gmt":"2018-06-23T21:55:33","guid":{"rendered":"http:\/\/wp.vsg-1880-offenbach.de\/?page_id=32"},"modified":"2025-05-23T22:47:10","modified_gmt":"2025-05-23T20:47:10","slug":"vorstand","status":"publish","type":"page","link":"https:\/\/wp.vsg-1880-offenbach.de\/?page_id=32","title":{"rendered":"Vorstand und Kontakt"},"content":{"rendered":"<table border=\"0\" cellspacing=\"0\" cellpadding=\"0\">\n<tbody>\n<tr>\n<td>\n<div><strong>Vorstand (Stand Mai 2025) und Funktionen<\/strong><\/div>\n<\/td>\n<\/tr>\n<\/tbody>\n<\/table>\n<table border=\"0\" cellspacing=\"0\" cellpadding=\"0\">\n<tbody>\n<tr>\n<td>Amt und eMail-Link<\/td>\n<td>Name<\/td>\n<td>Telefon<\/td>\n<\/tr>\n<tr>\n<td valign=\"top\"><a href=\"mailto:1.vorsitzender@vsg-1880-offenbach.de\">1. Vorsitzender<\/a><\/td>\n<td valign=\"top\">Wolfgang Jakel<\/td>\n<td valign=\"top\"><\/td>\n<\/tr>\n<tr>\n<td valign=\"top\">2. Vorsitzender<\/td>\n<td valign=\"top\">Simon David Geist<\/td>\n<td valign=\"top\"><\/td>\n<\/tr>\n<tr>\n<td valign=\"top\"><a href=\"mailto:m.luetzen@gmx.de\">Kassenwart<\/a><\/td>\n<td valign=\"top\">Matthias L\u00fctzen<\/td>\n<td valign=\"top\"><\/td>\n<\/tr>\n<tr>\n<td valign=\"top\"><a href=\"carsten.theuer@gmx.de\">Schriftf\u00fchrer<\/a><\/td>\n<td valign=\"top\">Carsten Theuer<\/td>\n<td valign=\"top\"><\/td>\n<\/tr>\n<tr>\n<td valign=\"top\"><a href=\"mailto:wernelm@gmail.com\">Pressewart<\/a><\/td>\n<td valign=\"top\">Elmar Werner<\/td>\n<td valign=\"top\">069\/82367773<\/td>\n<\/tr>\n<tr>\n<td valign=\"top\"><a href=\"mailto:marco@pianist-hofmann.de\">Turnierleiter f\u00fcr Einzelturniere (TlfE)<\/a><\/td>\n<td valign=\"top\">Marco Hofmann<\/td>\n<td valign=\"top\"><\/td>\n<\/tr>\n<tr>\n<td valign=\"top\"><a href=\"mailto:tlfm@vsg-1880-offenbach.de\">Turnierleiter f\u00fcr Mannschaften (TlfM)<\/a><\/td>\n<td valign=\"top\">Matthias Wei\u00df<\/td>\n<td valign=\"top\"><\/td>\n<\/tr>\n<tr>\n<td valign=\"top\"><a href=\"mailto:Jugendwart@vsg-1880-offenbach.de\">Jugendleiter<\/a><\/td>\n<td valign=\"top\">Elmar Werner<\/td>\n<td valign=\"top\">069\/82367773<\/td>\n<\/tr>\n<tr>\n<td valign=\"top\"><a href=\"mailto:mueller.of@arcor.de\">Schulschachreferent<\/a><\/td>\n<td valign=\"top\">Friedhelm Meyer<\/td>\n<td valign=\"top\"><\/td>\n<\/tr>\n<tr>\n<td valign=\"top\"><a href=\"mailto:marco@pianist-hofmann.de\">Geselligkeitswart<\/a><\/td>\n<td valign=\"top\">unbesetzt<\/td>\n<td valign=\"top\"><\/td>\n<\/tr>\n<tr>\n<td valign=\"top\"><a href=\"mailto:neubauerjuergen@web.de\">Materialwart<\/a><\/td>\n<td valign=\"top\">J\u00fcrgen Neubauer<\/td>\n<td valign=\"top\"><\/td>\n<\/tr>\n<tr>\n<td valign=\"top\"><\/td>\n<td valign=\"top\"><\/td>\n<td valign=\"top\"><\/td>\n<\/tr>\n<\/tbody>\n<\/table>\n<p><!--more--><\/p>\n<p><!--more--><\/p>\n<p>Anfragen k\u00f6nnen per Mail oder Telefon direkt an die Ansprechpartner gerichtet werden. Postalisch ist der Verein in der Arthur-Zitscher-Str. 22, 63065 Offenbach erreichbar.<\/p>\n<p>Views: 6052<\/p>","protected":false},"excerpt":{"rendered":"<p>Vorstand (Stand Mai 2025) und Funktionen Amt und eMail-Link Name Telefon 1. Vorsitzender Wolfgang Jakel 2. Vorsitzender Simon David Geist Kassenwart Matthias L\u00fctzen Schriftf\u00fchrer Carsten Theuer Pressewart Elmar Werner 069\/82367773 Turnierleiter f\u00fcr Einzelturniere (TlfE) Marco Hofmann Turnierleiter f\u00fcr Mannschaften (TlfM) Matthias Wei\u00df Jugendleiter Elmar Werner 069\/82367773 Schulschachreferent Friedhelm Meyer Geselligkeitswart unbesetzt Materialwart J\u00fcrgen Neubauer Views: <a class=\"more-link\" href=\"https:\/\/wp.vsg-1880-offenbach.de\/?page_id=32\">weiterlesen&#8230;<\/a><\/p>\n","protected":false},"author":1,"featured_media":0,"parent":82,"menu_order":2,"comment_status":"closed","ping_status":"closed","template":"","meta":{"footnotes":""},"class_list":["post-32","page","type-page","status-publish","hentry"],"_links":{"self":[{"href":"https:\/\/wp.vsg-1880-offenbach.de\/index.php?rest_route=\/wp\/v2\/pages\/32","targetHints":{"allow":["GET"]}}],"collection":[{"href":"https:\/\/wp.vsg-1880-offenbach.de\/index.php?rest_route=\/wp\/v2\/pages"}],"about":[{"href":"https:\/\/wp.vsg-1880-offenbach.de\/index.php?rest_route=\/wp\/v2\/types\/page"}],"author":[{"embeddable":true,"href":"https:\/\/wp.vsg-1880-offenbach.de\/index.php?rest_route=\/wp\/v2\/users\/1"}],"replies":[{"embeddable":true,"href":"https:\/\/wp.vsg-1880-offenbach.de\/index.php?rest_route=%2Fwp%2Fv2%2Fcomments&post=32"}],"version-history":[{"count":39,"href":"https:\/\/wp.vsg-1880-offenbach.de\/index.php?rest_route=\/wp\/v2\/pages\/32\/revisions"}],"predecessor-version":[{"id":13892,"href":"https:\/\/wp.vsg-1880-offenbach.de\/index.php?rest_route=\/wp\/v2\/pages\/32\/revisions\/13892"}],"up":[{"embeddable":true,"href":"https:\/\/wp.vsg-1880-offenbach.de\/index.php?rest_route=\/wp\/v2\/pages\/82"}],"wp:attachment":[{"href":"https:\/\/wp.vsg-1880-offenbach.de\/index.php?rest_route=%2Fwp%2Fv2%2Fmedia&parent=32"}],"curies":[{"name":"wp","href":"https:\/\/api.w.org\/{rel}","templated":true}]}}