{"id":367,"date":"2018-06-27T13:42:14","date_gmt":"2018-06-27T11:42:14","guid":{"rendered":"http:\/\/wp.vsg-1880-offenbach.de\/?page_id=367"},"modified":"2019-12-15T15:02:42","modified_gmt":"2019-12-15T14:02:42","slug":"2-damenmannschaft","status":"publish","type":"page","link":"https:\/\/wp.vsg-1880-offenbach.de\/?page_id=367","title":{"rendered":"2. Frauenmannschaft"},"content":{"rendered":"<p>Drei Jahre nach der Gr\u00fcndung der VSG-Frauenmannschaft ging in der Saison 2018\/19 erstmals eine zweite Frauenmannschaft an den Start. Sie spielt in der Hessischen Frauenliga, die in der Premierensaison auch prompt gewonnen werden konnte. Das Foto zeigt die Mannschaft am ersten Spieltag der Saison 2019\/20 gegen Hainstadt (v.l.n.r.: Naina Uddin, Lea Wagner, Susanne D\u00f6ll-Hentschker und Vivien Paschedag).<\/p>\n<p>Im Men\u00fc sind alle Termine, Spielergebnisse und Tabellen der jeweils laufenden Saison ver\u00f6ffentlicht.<\/p>\n<p>Die Tabellen, Spielergebnisse und Aufstellungen der Vorsaisons seit Gr\u00fcndung der Mannschaft k\u00f6nnen ebenfalls im Men\u00fc aufgerufen werden.<\/p>\n<p>Views: 2122<\/p>","protected":false},"excerpt":{"rendered":"<p>Drei Jahre nach der Gr\u00fcndung der VSG-Frauenmannschaft ging in der Saison 2018\/19 erstmals eine zweite Frauenmannschaft an den Start. Sie spielt in der Hessischen Frauenliga, die in der Premierensaison auch prompt gewonnen werden konnte. Das Foto zeigt die Mannschaft am ersten Spieltag der Saison 2019\/20 gegen Hainstadt (v.l.n.r.: Naina Uddin, Lea Wagner, Susanne D\u00f6ll-Hentschker und <a class=\"more-link\" href=\"https:\/\/wp.vsg-1880-offenbach.de\/?page_id=367\">weiterlesen&#8230;<\/a><\/p>\n","protected":false},"author":3,"featured_media":5846,"parent":41,"menu_order":2,"comment_status":"closed","ping_status":"closed","template":"","meta":{"footnotes":""},"class_list":["post-367","page","type-page","status-publish","has-post-thumbnail","hentry"],"_links":{"self":[{"href":"https:\/\/wp.vsg-1880-offenbach.de\/index.php?rest_route=\/wp\/v2\/pages\/367","targetHints":{"allow":["GET"]}}],"collection":[{"href":"https:\/\/wp.vsg-1880-offenbach.de\/index.php?rest_route=\/wp\/v2\/pages"}],"about":[{"href":"https:\/\/wp.vsg-1880-offenbach.de\/index.php?rest_route=\/wp\/v2\/types\/page"}],"author":[{"embeddable":true,"href":"https:\/\/wp.vsg-1880-offenbach.de\/index.php?rest_route=\/wp\/v2\/users\/3"}],"replies":[{"embeddable":true,"href":"https:\/\/wp.vsg-1880-offenbach.de\/index.php?rest_route=%2Fwp%2Fv2%2Fcomments&post=367"}],"version-history":[{"count":11,"href":"https:\/\/wp.vsg-1880-offenbach.de\/index.php?rest_route=\/wp\/v2\/pages\/367\/revisions"}],"predecessor-version":[{"id":5851,"href":"https:\/\/wp.vsg-1880-offenbach.de\/index.php?rest_route=\/wp\/v2\/pages\/367\/revisions\/5851"}],"up":[{"embeddable":true,"href":"https:\/\/wp.vsg-1880-offenbach.de\/index.php?rest_route=\/wp\/v2\/pages\/41"}],"wp:featuredmedia":[{"embeddable":true,"href":"https:\/\/wp.vsg-1880-offenbach.de\/index.php?rest_route=\/wp\/v2\/media\/5846"}],"wp:attachment":[{"href":"https:\/\/wp.vsg-1880-offenbach.de\/index.php?rest_route=%2Fwp%2Fv2%2Fmedia&parent=367"}],"curies":[{"name":"wp","href":"https:\/\/api.w.org\/{rel}","templated":true}]}}