{"id":380,"date":"2018-06-27T13:56:59","date_gmt":"2018-06-27T11:56:59","guid":{"rendered":"http:\/\/wp.vsg-1880-offenbach.de\/?page_id=380"},"modified":"2025-09-27T22:24:32","modified_gmt":"2025-09-27T20:24:32","slug":"5-mannschaft","status":"publish","type":"page","link":"https:\/\/wp.vsg-1880-offenbach.de\/?page_id=380","title":{"rendered":"5. Mannschaft"},"content":{"rendered":"<p>Unsere 5. Mannschaft tritt in der Saison 2025\/26 weiterhin in der Kreisoberliga an. Das Foto zeigt die Mannschaft am 27.9.24 zum Ligaauftakt beim SF Seligenstadt 1\u00a0 (v.l.n.r.: J\u00fcrgen, Friedhelm, Alborz und Aras).<\/p>\n<p>Coronabedingt reichte es in den Jahren 2021 und 2022 nicht mehr f\u00fcr die Aufstellung einer f\u00fcnften Mannschaft. Umso mehr freuen wir uns, dass der Spielbetrieb der Mannschaft wieder gut l\u00e4uft.<\/p>\n<p>Alle Termine, Spielergebnisse, Aufstellungen\u00a0und Tabellen der\u00a0aktuellen Saison\u00a0finden sich im Men\u00fc.<\/p>\n<p>Dort finden sich auch zur\u00fcck bis zur Saison 2009\/10 die Detailergebnisse der vorangegangen\u00a0Ligajahre.<\/p>\n<p>Views: 2021<\/p>","protected":false},"excerpt":{"rendered":"<p>Unsere 5. Mannschaft tritt in der Saison 2025\/26 weiterhin in der Kreisoberliga an. Das Foto zeigt die Mannschaft am 27.9.24 zum Ligaauftakt beim SF Seligenstadt 1\u00a0 (v.l.n.r.: J\u00fcrgen, Friedhelm, Alborz und Aras). Coronabedingt reichte es in den Jahren 2021 und 2022 nicht mehr f\u00fcr die Aufstellung einer f\u00fcnften Mannschaft. Umso mehr freuen wir uns, dass <a class=\"more-link\" href=\"https:\/\/wp.vsg-1880-offenbach.de\/?page_id=380\">weiterlesen&#8230;<\/a><\/p>\n","protected":false},"author":3,"featured_media":14335,"parent":41,"menu_order":7,"comment_status":"closed","ping_status":"closed","template":"","meta":{"footnotes":""},"class_list":["post-380","page","type-page","status-publish","has-post-thumbnail","hentry"],"_links":{"self":[{"href":"https:\/\/wp.vsg-1880-offenbach.de\/index.php?rest_route=\/wp\/v2\/pages\/380","targetHints":{"allow":["GET"]}}],"collection":[{"href":"https:\/\/wp.vsg-1880-offenbach.de\/index.php?rest_route=\/wp\/v2\/pages"}],"about":[{"href":"https:\/\/wp.vsg-1880-offenbach.de\/index.php?rest_route=\/wp\/v2\/types\/page"}],"author":[{"embeddable":true,"href":"https:\/\/wp.vsg-1880-offenbach.de\/index.php?rest_route=\/wp\/v2\/users\/3"}],"replies":[{"embeddable":true,"href":"https:\/\/wp.vsg-1880-offenbach.de\/index.php?rest_route=%2Fwp%2Fv2%2Fcomments&post=380"}],"version-history":[{"count":17,"href":"https:\/\/wp.vsg-1880-offenbach.de\/index.php?rest_route=\/wp\/v2\/pages\/380\/revisions"}],"predecessor-version":[{"id":14336,"href":"https:\/\/wp.vsg-1880-offenbach.de\/index.php?rest_route=\/wp\/v2\/pages\/380\/revisions\/14336"}],"up":[{"embeddable":true,"href":"https:\/\/wp.vsg-1880-offenbach.de\/index.php?rest_route=\/wp\/v2\/pages\/41"}],"wp:featuredmedia":[{"embeddable":true,"href":"https:\/\/wp.vsg-1880-offenbach.de\/index.php?rest_route=\/wp\/v2\/media\/14335"}],"wp:attachment":[{"href":"https:\/\/wp.vsg-1880-offenbach.de\/index.php?rest_route=%2Fwp%2Fv2%2Fmedia&parent=380"}],"curies":[{"name":"wp","href":"https:\/\/api.w.org\/{rel}","templated":true}]}}

<p>Unsere 5. Mannschaft tritt in der Saison 2025/26 weiterhin in der Kreisoberliga an. Das Foto zeigt die Mannschaft am 27.9.24 zum Ligaauftakt beim SF Seligenstadt 1  (v.l.n.r.: Jürgen, Friedhelm, Alborz und Aras).</p>
<p>Coronabedingt reichte es in den Jahren 2021 und 2022 nicht mehr für die Aufstellung einer fünften Mannschaft. Umso mehr freuen wir uns, dass der Spielbetrieb der Mannschaft wieder gut läuft.</p>
<p>Alle Termine, Spielergebnisse, Aufstellungen und Tabellen der aktuellen Saison finden sich im Menü.</p>
<p>Dort finden sich auch zurück bis zur Saison 2009/10 die Detailergebnisse der vorangegangen Ligajahre.</p>
<p>Views: 2021</p>

<p>Unsere 5. Mannschaft tritt in der Saison 2025/26 weiterhin in der Kreisoberliga an. Das Foto zeigt die Mannschaft am 27.9.24 zum Ligaauftakt beim SF Seligenstadt 1  (v.l.n.r.: Jürgen, Friedhelm, Alborz und Aras). Coronabedingt reichte es in den Jahren 2021 und 2022 nicht mehr für die Aufstellung einer fünften Mannschaft. Umso mehr freuen wir uns, dass <a class="more-link" href="https://wp.vsg-1880-offenbach.de/?page_id=380">weiterlesen&#8230;</a></p>
