{"id":6297,"date":"2020-03-21T17:39:04","date_gmt":"2020-03-21T16:39:04","guid":{"rendered":"http:\/\/wp.vsg-1880-offenbach.de\/?page_id=6297"},"modified":"2020-03-21T17:50:36","modified_gmt":"2020-03-21T16:50:36","slug":"anleitung-anmeldung-bei-lichess-org","status":"publish","type":"page","link":"https:\/\/wp.vsg-1880-offenbach.de\/?page_id=6297","title":{"rendered":"Anleitung: Anmeldung bei lichess.org"},"content":{"rendered":"\n<p><strong>So meldet man sich bei lichess an bzw. er\u00f6ffnet einen Account:<\/strong><\/p>\n\n\n\n<p>Bitte klickt auf diesen <a href=\"http:\/\/www.lichess.org\/login\">Link<\/a>, es sollte sich folgendes Bild im Browser \u00f6ffnen:<\/p>\n\n\n\n<figure class=\"wp-block-image\"><img loading=\"lazy\" decoding=\"async\" width=\"1024\" height=\"634\" src=\"http:\/\/wp.vsg-1880-offenbach.de\/wp-content\/uploads\/2020\/03\/lichess-Anmeldung-1-1024x634.jpg\" alt=\"\" class=\"wp-image-6271\" srcset=\"https:\/\/wp.vsg-1880-offenbach.de\/wp-content\/uploads\/2020\/03\/lichess-Anmeldung-1-1024x634.jpg 1024w, https:\/\/wp.vsg-1880-offenbach.de\/wp-content\/uploads\/2020\/03\/lichess-Anmeldung-1-300x186.jpg 300w, https:\/\/wp.vsg-1880-offenbach.de\/wp-content\/uploads\/2020\/03\/lichess-Anmeldung-1-768x476.jpg 768w\" sizes=\"auto, (max-width: 1024px) 100vw, 1024px\" \/><figcaption>Hier geht geht es zu lichess<\/figcaption><\/figure>\n\n\n\n<p>Wenn Ihr noch keinen lichess-Zugang habt, m\u00fcsst Ihr erstmal einen Benutzernamen und ein Passwort festlegen, bevor Ihr Euch einloggen k\u00f6nnt. Daf\u00fcr klickt Ihr bitte links unter dem blauen Button &#8222;EINLOGGEN&#8220; auf das deutlich kleiner geschriebene &#8222;<a href=\"https:\/\/lichess.org\/signup\">Registrieren<\/a>&#8222;. Es erscheint folgendes Bild:<\/p>\n\n\n\n<figure class=\"wp-block-image\"><img loading=\"lazy\" decoding=\"async\" width=\"1024\" height=\"638\" src=\"http:\/\/wp.vsg-1880-offenbach.de\/wp-content\/uploads\/2020\/03\/lichess-Anmeldung-2-1024x638.jpg\" alt=\"\" class=\"wp-image-6272\" srcset=\"https:\/\/wp.vsg-1880-offenbach.de\/wp-content\/uploads\/2020\/03\/lichess-Anmeldung-2-1024x638.jpg 1024w, https:\/\/wp.vsg-1880-offenbach.de\/wp-content\/uploads\/2020\/03\/lichess-Anmeldung-2-300x187.jpg 300w, https:\/\/wp.vsg-1880-offenbach.de\/wp-content\/uploads\/2020\/03\/lichess-Anmeldung-2-768x479.jpg 768w\" sizes=\"auto, (max-width: 1024px) 100vw, 1024px\" \/><figcaption>Die Anmeldung ist einfach<\/figcaption><\/figure>\n\n\n\n<p>Hier gebt Ihr nun Euren selbst gew\u00e4hlten Benutzernamen, ein selbst gew\u00e4hltes Passwort sowie Eure eMail-Adresse ein. Danach bet\u00e4tigt Ihr noch die vier roten Schalter so, dass sie gr\u00fcn anzeigen. Zum Abschluss klickt Ihr dann noch auf den gro\u00dfen blauen &#8222;Registrieren&#8220;-Knopf. Nun erhaltet ihr recht schnell eine eMail von lichess mit einem Best\u00e4tigungslink. Also, schnell in Eure eMail wechseln, die Mail aufrufen und den dort angegebenen Link zur Best\u00e4tigung anklicken. Und schon seid Ihr bei lichess angemeldet und k\u00f6nnt alle obigen Angebote und nat\u00fcrlich auch alles andere, was lichess bietet, wahrnehmen. Probiert es mal aus und klickt Euch durch. Der Startbildschirm sollte nun ungef\u00e4hr so aussehen:<\/p>\n\n\n\n<figure class=\"wp-block-image\"><img loading=\"lazy\" decoding=\"async\" width=\"1024\" height=\"643\" src=\"http:\/\/wp.vsg-1880-offenbach.de\/wp-content\/uploads\/2020\/03\/lichess-Anmeldung-3-1024x643.jpg\" alt=\"\" class=\"wp-image-6274\" srcset=\"https:\/\/wp.vsg-1880-offenbach.de\/wp-content\/uploads\/2020\/03\/lichess-Anmeldung-3-1024x643.jpg 1024w, https:\/\/wp.vsg-1880-offenbach.de\/wp-content\/uploads\/2020\/03\/lichess-Anmeldung-3-300x188.jpg 300w, https:\/\/wp.vsg-1880-offenbach.de\/wp-content\/uploads\/2020\/03\/lichess-Anmeldung-3-768x482.jpg 768w\" sizes=\"auto, (max-width: 1024px) 100vw, 1024px\" \/><figcaption>Der Startbildschirm von lichess, wenn Ihr angemeldet seid<\/figcaption><\/figure>\n\n\n\n<p>F\u00fcr die VSG-Angebote dr\u00fcckt Ihr nun einfach auf die im Kalender angegebenen Links und folgt dann den auf dem Bildschirm angegebenen Optionen. <\/p>\n\n\n<p><!--EndFragment--><\/p><p>Views: 5024<\/p>","protected":false},"excerpt":{"rendered":"<p>So meldet man sich bei lichess an bzw. er\u00f6ffnet einen Account: Bitte klickt auf diesen Link, es sollte sich folgendes Bild im Browser \u00f6ffnen: Wenn Ihr noch keinen lichess-Zugang habt, m\u00fcsst Ihr erstmal einen Benutzernamen und ein Passwort festlegen, bevor Ihr Euch einloggen k\u00f6nnt. Daf\u00fcr klickt Ihr bitte links unter dem blauen Button &#8222;EINLOGGEN&#8220; auf <a class=\"more-link\" href=\"https:\/\/wp.vsg-1880-offenbach.de\/?page_id=6297\">weiterlesen&#8230;<\/a><\/p>\n","protected":false},"author":3,"featured_media":0,"parent":6295,"menu_order":0,"comment_status":"closed","ping_status":"closed","template":"","meta":{"footnotes":""},"class_list":["post-6297","page","type-page","status-publish","hentry"],"_links":{"self":[{"href":"https:\/\/wp.vsg-1880-offenbach.de\/index.php?rest_route=\/wp\/v2\/pages\/6297","targetHints":{"allow":["GET"]}}],"collection":[{"href":"https:\/\/wp.vsg-1880-offenbach.de\/index.php?rest_route=\/wp\/v2\/pages"}],"about":[{"href":"https:\/\/wp.vsg-1880-offenbach.de\/index.php?rest_route=\/wp\/v2\/types\/page"}],"author":[{"embeddable":true,"href":"https:\/\/wp.vsg-1880-offenbach.de\/index.php?rest_route=\/wp\/v2\/users\/3"}],"replies":[{"embeddable":true,"href":"https:\/\/wp.vsg-1880-offenbach.de\/index.php?rest_route=%2Fwp%2Fv2%2Fcomments&post=6297"}],"version-history":[{"count":2,"href":"https:\/\/wp.vsg-1880-offenbach.de\/index.php?rest_route=\/wp\/v2\/pages\/6297\/revisions"}],"predecessor-version":[{"id":6304,"href":"https:\/\/wp.vsg-1880-offenbach.de\/index.php?rest_route=\/wp\/v2\/pages\/6297\/revisions\/6304"}],"up":[{"embeddable":true,"href":"https:\/\/wp.vsg-1880-offenbach.de\/index.php?rest_route=\/wp\/v2\/pages\/6295"}],"wp:attachment":[{"href":"https:\/\/wp.vsg-1880-offenbach.de\/index.php?rest_route=%2Fwp%2Fv2%2Fmedia&parent=6297"}],"curies":[{"name":"wp","href":"https:\/\/api.w.org\/{rel}","templated":true}]}}